e
Is 13 a factor of 158?
False
Is 62942 a multiple of 53?
False
Does 143 divide 26455?
True
Is 9293 a multiple of 36?
False
Is 21704 a multiple of 252?
False
Does 4 divide 1366?
False
Is 12 a factor of 5964?
True
Is 184 a multiple of 2?
True
Is 815 a multiple of 82?
False
Does 32 divide 32?
True
Is 17 a factor of 33919?
False
Is 900 a multiple of 15?
True
Is 50 a factor of 25000?
True
Does 63 divide 6426?
True
Is 555 a multiple of 18?
False
Does 8 divide 4448?
True
Does 75 divide 1125?
True
Is 24 a factor of 4632?
True
Is 17 a factor of 10424?
False
Does 84 divide 6888?
True
Is 66 a factor of 5252?
False
Is 22 a factor of 3269?
False
Does 18 divide 5166?
True
Is 5 a factor of 125?
True
Is 86 a factor of 804?
False
Is 117 a multiple of 3?
True
Is 7815 a multiple of 5?
True
Is 12 a factor of 786?
False
Does 11 divide 2667?
False
Does 21 divide 3923?
False
Is 21 a factor of 37716?
True
Is 10 a factor of 29?
False
Is 5473 a multiple of 13?
True
Is 51 a factor of 36516?
True
Is 3 a factor of 222?
True
Does 17 divide 2796?
False
Does 221 divide 5075?
False
Is 22116 a multiple of 228?
True
Is 47 a factor of 63651?
False
Is 14 a factor of 31773?
False
Is 4195 a multiple of 47?
False
Is 9993 a multiple of 99?
False
Does 10 divide 3436?
False
Is 54 a factor of 863?
False
Does 17 divide 341?
False
Does 26 divide 904?
False
Is 3 a factor of 249?
True
Is 151 a multiple of 6?
False
Does 42 divide 4560?
False
Is 106 a factor of 5406?
True
Is 9065 a multiple of 20?
False
Does 21 divide 11739?
True
Is 693 even?
False
Is 21051 a multiple of 8?
False
Is 10602 a multiple of 72?
False
Does 18 divide 1206?
True
Is 1890 a multiple of 34?
False
Does 6 divide 2022?
True
Does 16 divide 6755?
False
Is 199 a factor of 149250?
True
Is 1485 a multiple of 45?
True
Is 2105 a multiple of 2?
False
Is 435 a multiple of 2?
False
Does 5 divide 3215?
True
Is 3549 a multiple of 23?
False
Is 110 a multiple of 11?
True
Is 2 a factor of 6557?
False
Is 2790 a multiple of 18?
True
Is 20599 a multiple of 94?
False
Does 4 divide 522?
False
Is 13082 a multiple of 9?
False
Does 5 divide 2673?
False
Does 3 divide 1204?
False
Does 18 divide 3535?
False
Is 38280 a multiple of 220?
True
Does 74 divide 14101?
False
Does 45 divide 5605?
False
Does 55 divide 550?
True
Is 3782 a multiple of 62?
True
Is 784 a multiple of 16?
True
Is 66 a factor of 1302?
False
Is 225 a multiple of 8?
False
Does 47 divide 1550?
False
Is 21 a factor of 90?
False
Does 6 divide 330?
True
Does 66 divide 924?
True
Is 73 a factor of 1799?
False
Is 24432 a multiple of 12?
True
Does 3 divide 12?
True
Is 7 a factor of 812?
True
Is 56 a factor of 67984?
True
Is 10 a factor of 60691?
False
Is 140 a factor of 13278?
False
Does 4 divide 8027?
False
Is 205 even?
False
Is 1288 a multiple of 14?
True
Is 909 a multiple of 9?
True
Is 2 a factor of 4170?
True
Is 18227 a multiple of 127?
False
Is 1617 a multiple of 88?
False
Is 752 a multiple of 94?
True
Is 18271 a multiple of 43?
False
Is 128 a factor of 24704?
True
Is 9 a factor of 3704?
False
Is 80618 a multiple of 346?
True
Does 16 divide 5696?
True
Is 5 a factor of 4591?
False
Is 25 a factor of 34?
False
Is 65 a factor of 8515?
True
Does 24 divide 17043?
False
Does 6 divide 4044?
True
Is 15 a factor of 15300?
True
Is 8 a factor of 3232?
True
Is 26 a factor of 2366?
True
Does 13 divide 533?
True
Is 71 a factor of 4480?
False
Is 6 a factor of 442?
False
Is 828 a multiple of 12?
True
Is 37 a factor of 27331?
False
Is 2280 a multiple of 12?
True
Is 5687 a multiple of 2?
False
Is 25 a factor of 1948?
False
Is 7 a factor of 27322?
False
Is 1216 a multiple of 16?
True
Does 6 divide 94?
False
Does 127 divide 2830?
False
Is 23 a factor of 3486?
False
Is 117 a factor of 2001?
False
Is 5868 a multiple of 12?
True
Is 1449 a multiple of 41?
False
Is 417 even?
False
Is 546 a multiple of 13?
True
Is 28 a factor of 999?
False
Is 64 a factor of 675?
False
Is 26 a factor of 1722?
False
Is 17 a factor of 1653?
False
Is 1745 a multiple of 5?
True
Does 11 divide 297?
True
Is 2 a factor of 9457?
False
Does 3 divide 1009?
False
Is 249 a multiple of 6?
False
Is 42 a factor of 7227?
False
Is 44611 a multiple of 68?
False
Does 20 divide 600?
True
Does 33 divide 3080?
False
Is 17 a factor of 658?
False
Is 12 a factor of 264?
True
Does 15 divide 1095?
True
Is 115 a factor of 112600?
False
Is 1735 a multiple of 38?
False
Is 35648 a multiple of 14?
False
Does 6 divide 90480?
True
Is 80 a multiple of 2?
True
Is 52 a factor of 2312?
False
Does 94 divide 94?
True
Does 4 divide 64?
True
Is 18315 a multiple of 33?
True
Does 196 divide 49784?
True
Does 18 divide 1313?
False
Is 107 a factor of 1179?
False
Is 1183 a multiple of 169?
True
Is 393 a multiple of 31?
False
Is 102 a factor of 892?
False
Does 161 divide 18728?
False
Is 3 a factor of 398?
False
Is 120 a factor of 9000?
True
Is 17568 a multiple of 48?
True
Does 8 divide 14087?
False
Does 88 divide 26080?
False
Is 405 a multiple of 13?
False
Does 50 divide 4450?
True
Does 31 divide 48?
False
Is 8220 a multiple of 20?
True
Does 105 divide 2415?
True
Does 18 divide 11232?
True
Is 16 a factor of 22263?
False
Does 17 divide 75022?
False
Is 15 a factor of 7185?
True
Does 106 divide 2102?
False
Is 4855 a multiple of 112?
False
Does 11 divide 3025?
True
Is 7504 a multiple of 50?
False
Does 29 divide 42746?
True
Is 499 a multiple of 21?
False
Is 15217 a multiple of 6?
False
Is 69 a factor of 1656?
True
Is 158 a factor of 22594?
True
Is 30914 a multiple of 7?
False
Is 55874 a multiple of 89?
False
Is 3 a factor of 270?
True
Is 13 a factor of 993?
False
Is 43 a factor of 47859?
True
Is 709 a multiple of 15?
False
Is 134 a multiple of 3?
False
Does 70 divide 1330?
True
Is 10980 a multiple of 30?
True
Is 63457 a multiple of 23?
True
Is 24 a factor of 288?
True
Does 14 divide 24010?
True
Is 928 a multiple of 116?
True
Does 3 divide 790?
False
Is 1378 a multiple of 26?
True
Is 677 a multiple of 16?
False
Does 13 divide 2040?
False
Is 3210 a multiple of 30?
True
Is 25601 a multiple of 207?
False
Is 23542 a multiple of 103?
False
Is 43 a factor of 35819?
True
Is 14756 a multiple of 124?
True
Is 6 a factor of 306?
True
Does 258 divide 41280?
True
Does 7 divide 8356?
False
Does 54 divide 594?
True
Is 15824 a multiple of 184?
True
Is 67 a factor of 67076?
False
Is 72 a factor of 5976?
True
Is 65 a multiple of 5?
True
Is 30 a factor of 2905?
False
Is 119 a factor of 7467?
False
Is 12 a factor of 554?
False
Is 690 a multiple of 69?
True
Does 14 divide 16592?
False
Is 279 a multiple of 8?
False
Does 8 divide 384?
True
Does 7 divide 62?
False
Is 88 a factor of 12320?
True
Does 11 divide 2029?
False
Is 2535 a multiple of 3?
True
Is 22 a factor of 17808?
False
Is 12 a factor of 2412?
True
Is 4160 a multiple of 160?
True
Does 20 divide 1820?
True
Is 672 a multiple of 7?
True
Is 5522 a multiple of 4?
False
Does 88 divide 1045?
False
Does 4 divide 25?
False
Is 2318 a multiple of 11?
False
Is 10 a factor of 11800?
True
Is 9 a factor of 153?
True
Is 551 a multiple of 19?
True
Is 2160 a multiple of 18?
True
Is 26 a factor of 15181?
False
Is 10 a factor of 34137?
False
Is 17 a factor of 1737?
False
Does 3 divide 112?
False
Does 26 divide 22023?
False
Does 123 divide 43788?
True
Does 48 divide 1820?
False
Is 3 a factor of 3342?
True
Is 3417 a multiple of 12?
False
Is 25 a factor of 1750?
True
Is 47086 a multiple of 31?
False
Is 19738 a multiple of 278?
True
Does 17 divide 510?
True
Is 49 a factor of 196?
True
Is 46744 a multiple of 67?
False
Does 5 divide 530?
True
Is 552 a multiple of 92?
True
Is 306 a multiple of 9?
True
Is 8 a factor of 120?
True
Is 27 a factor of 1237?
False
Does 60 divide 911?
False
Does 41 divide 18819?
True
Is 22 a factor of 3256?
True
Is 57404 a multiple of 127?
True
Does 6 divide 10782?
True
Does 98 divide 6102?
False
Is 80 a multiple of 8?
True
Is 686 a multiple of 14?
True
Is 106 a factor of 2568?
False
Does 47 divide 423?
True
Is 98 a factor of 19121?
False
Is 40885 a multiple of 37?
True
Is 4614 a multiple of 7?
False
Is 752 a multiple of 94?
True
Does 12 divide 22580?
False
Does 80 divide 10531?
False
Is 135 a factor of 20121?
False
Does 27 divide 83700?
True
Does 141 divide 147?
False
Does 28 divide 15500?
False
Is 675 a multiple of 40?
False
Is 20 a factor o